 = 21. Is d composite?
False
Let j(l) = -286*l**2 - 4*l + 1. Let p be j(-2). Let m = -248 - p. Is m prime?
True
Suppose -5*b + 177 = -148. Suppose 3*h + 43 + b = 0. Let p = -3 - h. Is p a composite number?
True
Is 9 + -10 + -4 + 8178 a prime number?
False
Let v be 3 - (-3 - -2 - -9). Let y = 12 - v. Let k = -2 + y. Is k a prime number?
False
Suppose -4*l + 28 = -3*q - q, 0 = 3*l + 3*q - 21. Suppose -l*y = -2*y - 1255. Is y composite?
False
Suppose 3*r = r - 34. Let o = 15 + r. Let x(s) = -11*s**3 + 2*s**2 - s - 1. Is x(o) composite?
False
Is (-2 + 1)*(-31784 - -13) - 4 prime?
False
Let q = 0 + -2. Let w(l) = -37*l**3 - l**2 + 3*l + 2. Let y be w(q). Let g = y + -35. Is g a prime number?
False
Suppose 7*l + 4780 = 17*l. Let s be (-9)/(-3)*(-2)/(-3). Suppose s*p = -0*p + l. Is p prime?
True
Let o be (-4)/32 - 580/(-32). Is (6 - 9)*2*(-3957)/o a prime number?
True
Let r be (-111)/((-20)/8 + 3). Let l = r + 337. Is l prime?
False
Let y be (7 - (3 - 0)) + -2. Suppose -y*a + 3 = 1. Is a/3 + (-3880)/(-15) prime?
False
Is (75688/8)/(8/24) a composite number?
True
Is ((-12)/8)/((-3)/23172*2) a composite number?
True
Suppose 5*u + a - 650 = 2*u, -5*u + a = -1086. Is u a prime number?
False
Let d(v) = -v**3 + 15*v**2 - 16*v + 26. Let q be d(14). Is 2/q*(-2383 - -14) a composite number?
True
Let p(i) = -7*i**2 - 4*i + 15. Let v be p(4). Let h = v + 300. Is h composite?
True
Suppose 6*p + 138 = -0*p. Let v = p - -25. Suppose 2429 = -v*r + 3*r. Is r composite?
True
Suppose x + 14632 = 5*p, -5*p + 0*p = -4*x - 14623. Is p a prime number?
True
Let f(s) = -95*s**3 + 2*s**2 - 3*s - 11. Is f(-5) composite?
True
Suppose -8*b + 786 = -6*b. Is 2*(-2 - b/(-6)) a composite number?
False
Let f(a) = a - 15. Let m(s) = -s**2 - 10*s - 2. Let n be m(-8). Let b be f(n). Is 51 + b + -3 + 2 a composite number?
True
Suppose -m = 4*x - 18275, 5*m - 33097 - 58324 = 3*x. Is m prime?
False
Suppose 23459 = a + 3*i, 3*a = 4*i + 38522 + 31855. Is a a prime number?
True
Let l(p) = p**3 + 8*p**2 + 12*p + 3. Let r be l(-6). Let q(z) = 21*z**2 + z + 3. Let i be q(r). Suppose 307 = 2*y - i. Is y composite?
False
Let m(w) be the second derivative of w**4/12 + 5*w**3/6 - 13*w**2/2 + 9*w. Let x be m(-7). Is (-187)/51*-33*x composite?
True
Let d be -9 + (4/(-4) - -4). Let p(q) = q + 12. Let n be p(d). Suppose n*s = 3*s + 1479. Is s a composite number?
True
Let l be (2348 + 1)/(-4 + (-5 - -10)). Suppose 241 - l = -4*m. Is m a prime number?
False
Let y(j) = 101*j**2 - j + 1. Suppose -t = -4*t + 9. Is y(t) prime?
True
Let z(h) = 97*h**3 + 1. Let q be z(1). Suppose 308 = 6*b + q. Is b prime?
False
Let b(n) = n**3 - 7*n**2 - 4*n + 8. Suppose d - j - 8 = 3, -3*j + 7 = 2*d. Let r be b(d). Suppose -r + 119 = i. Is i a prime number?
True
Let v be ((-5600)/15)/(-5)*3. Is 1 - v/40*34*-5 composite?
False
Let p(r) = 16*r**2 + 4*r - 4. Let f be p(5). Suppose -3*m + f = -1333. Is m composite?
True
Suppose 3*l - 4*s = 6 + 4, 3*s = -5*l + 7. Suppose -3*v - 1697 = -l*k, 5*v = 3*k + 4*v - 2528. Is k a composite number?
True
Let h(i) = 5*i**2 + 53*i - 54. Let o(b) = -3*b**2 - 35*b + 36. Let n(p) = 5*h(p) + 8*o(p). Let m be n(13). Is (-74)/3*84/m prime?
False
Let u(i) = i**2 + 4*i - 12. Let h be u(-6). Suppose h = 15*m - 17*m + 298. Is m a prime number?
True
Let n be (-3)/(-9) - -2158*8/12. Suppose 90 = -o + n. Is o composite?
True
Let b = -7 - 9. Let p be 42/3*1*15. Let a = p + b. Is a composite?
True
Let z(a) = a**3 - a**2 - 13*a - 3. Let b be z(5). Suppose -b + 53 = c. Is c a prime number?
False
Suppose 4*j - 5*o - 4268 = -9*o, 0 = -2*j + 5*o + 2134. Is j composite?
True
Let r(o) = -17*o**2 - 2*o - 5. Let g(f) = -1. Let l be 3 - 0*3/(-9). Let m(p) = l*g(p) - r(p). Is m(3) a prime number?
False
Let g = 30976 + -18941. Let o = g - 6528. Is o a composite number?
False
Is (-65913)/(-254) + (-2)/4 a composite number?
True
Let a(f) = 176*f**2 + 10*f - 13. Suppose 5*j - 33 = -6*j. Is a(j) prime?
True
Is 67590/150 - (-2)/5 prime?
False
Suppose -3*k - 2 = -5*k. Is 2 - 3/k - (-13 - 655) prime?
False
Let y be (-4)/(-14) + 14/(-49). Suppose y = -6*g - 3 + 21. Is 78*(8/(-3) + g) a composite number?
True
Let d be 533*((0 - 3) + 4). Suppose -4*y = 5*f - d, -188 = -2*y + 5*f + 41. Is y composite?
False
Let i = 15 - 10. Suppose 0 = x - i*x + 3*l + 299, 293 = 4*x - 5*l. Is x prime?
False
Let u(a) = -1987*a - 1. Let w be u(-1). Suppose 3*y + 3*y - w = 0. Is y a composite number?
False
Let w(v) = 4*v**3 - 7*v**2 + 8*v. Let h(u) = -u**3 - u**2 + u. Let g(j) = 3*h(j) + w(j). Let x be g(8). Is 6/10 + (-3536)/x a composite number?
False
Is -5 - 3/(-3)*3552 a prime number?
True
Let p(c) be the third derivative of c**6/120 + c**5/60 + 5*c**3/6 + 8*c**2. Let f be p(0). Suppose 0 = -f*w + 104 + 51. Is w prime?
True
Suppose 0 = -t + 3 - 2, -5*x - 37 = 3*t. Let n(v) = -328*v + 19. Is n(x) a prime number?
False
Let o be (-4)/(-2)*(-5 + -69). Suppose 6*g - g - 1371 = 2*m, -4*g - 4*m = -1108. Let x = g + o. Is x prime?
True
Suppose 560 = 27*i - 32*i. Let j = 99 - i. Is j prime?
True
Suppose -3*o + 5*o = 2614. Let d = o + -786. Is d prime?
True
Let t = 17 + -13. Let w = t + 1. Suppose 5*c - 45 = -v, 4*v - w*c - 147 = 83. Is v a prime number?
False
Let b be 4/(((-5)/(-5))/(0 - -1)). Is 633 + 4/b + -3 a composite number?
False
Let q = 1949 - -3717. Is q composite?
True
Let r(a) = 3*a - 3*a + 2 + a + a**3 - 4 + 4*a**2. Let s be r(-3). Suppose 0 = s*d - 1496 + 480. Is d composite?
True
Let l = 71 + 91. Suppose 5*p - 3*c - 403 = 0, 3*p - p = c + l. Is p a prime number?
True
Let o(n) = n**2 - 125*n - 1. Is o(-25) composite?
True
Let v = -7 - -6. Is ((-126)/(-12))/(v/(-2)) prime?
False
Let u = -61777 - -111804. Is u a prime number?
False
Let w(s) = -s**3 - 10*s**2 + 7*s - 5. Let h be w(-6). Let v = h + 382. Is v prime?
True
Is ((-122935)/(-2))/(-23)*1*-2 prime?
False
Let g(t) = t**2 - 4*t - 2. Suppose 5*p + 5 = 6*p. Let c be g(p). Suppose 4*z - 3*m = 2*m + 489, -359 = -c*z - 4*m. Is z a prime number?
False
Is (2 - 0 - -4) + 31 a composite number?
False
Let p(u) = -u - 6. Let d be p(0). Is (-788)/d*315/42 composite?
True
Let o(t) = -t**2 - 4*t + 1. Let p be o(-5). Let v be -5 - (3 + p) - -7. Suppose f = -3*f - 16, 214 = 2*j + v*f. Is j a prime number?
True
Let k be 12/3 - (1 - -1). Let y be (k/(-3))/(6/(-18)). Suppose 4*w = -5*u + 3*u + 94, y*w = 5*u - 211. Is u prime?
True
Let z(t) = 27*t - 7. Let w be -1*3*(-4)/3. Let s be w - -8 - (1 - 1). Is z(s) prime?
True
Suppose 20*j = 44*j - 73608. Is j composite?
False
Let o(g) = 952*g + 787. Is o(4) prime?
False
Suppose 0 = -4*a - 4*x + 19 + 1, -5*a + 2*x + 11 = 0. Suppose -5 = a*q - 2. Is 1 + 4*6 - q a composite number?
True
Let t = -10840 - -18897. Is t a composite number?
True
Suppose 0 = -4*v + 3*y + 18653, 18632 = 4*v - 28*y + 32*y. Is v prime?
False
Suppose -2*h = 4*r - 45009 + 5553, 5*r = -4*h + 49317. Is r a composite number?
True
Suppose t + 3*r - 3 = 2*t, 0 = r. Let d(o) = 162*o - 4. Let n(j) = -163*j + 4. Let x(a) = 2*d(a) + 3*n(a). Is x(t) composite?
False
Suppose 0 = d - 48 - 79. Let i = 4 - 14. Is (d/(-2))/(5/i) prime?
True
Let g = -12830 + 37224. Is g prime?
False
Let d be (2 + -1)*25/5. Suppose -d*k + 4 = -3*k. Suppose 3*h = -2*f + 53, -3*f + k*f - 110 = -5*h. Is h composite?
True
Let l be ((-2970)/24)/(6/(-16)). Is (-1 + (0 - l))/(-1) a composite number?
False
Suppose 0 = -117*r + 120*r - 12. Is (-1)/(r/(-3602)) - 3/(-6) a composite number?
True
Suppose -u = -4*h - 18, -2*u - 2 = -3*u. Let c be (15/(-12))/(h/(-48)). Let v = c - -21. Is v a prime number?
False
Let j = -5055 - -7508. Is j a prime number?
False
Suppose 0 = -5*v + 2*u + 138845, 3*v + 5*u - 79005 = 4271. Is v a composite number?
False
Suppose 5*t - 2*g - 27560 = 3*g, 2*t + 3*g - 11009 = 0. Is t a composite number?
True
Suppose -3*b - 4*z = -32, -b + 0*b - 4*z + 8 = 0. Suppose 8*t = b*t - 1196. Is t a composite number?
True
Is 3*((-1803126)/(-18))/13 composite?
False
Suppose 0 = 5*c - 4*p - 41, 2*c + 18 = 4*c - 2*p. Suppose -15 = -c*m - 2*o + 14, 5*o - 10 = 0. Suppose 0 = m*l + g - 1982, -303 = -l - 2*g + 88. Is l prime?
True
Let b(v) = 658*v**2 + 1. Is b(-4) a prime number?
True
Suppose -12420 = -5*l + 4*q + 922, q - 5342 = -2*l. Let s = -1393 + l. Is s prime?
True
Suppose 2*t + 5 = -3*m + 2*m, -4*m - 20 = 2*t. Let a be (1